tor of 11664?
True
Is 23112 a multiple of 11?
False
Does 76 divide 12008?
True
Is 1725 a multiple of 3?
True
Is 26 a factor of 44966?
False
Does 15 divide 405?
True
Is 12 a factor of 816?
True
Does 32 divide 256?
True
Is 49168 a multiple of 51?
False
Is 2 a factor of 762?
True
Is 228 a factor of 60368?
False
Is 2609 a multiple of 18?
False
Is 462 a multiple of 33?
True
Is 27310 a multiple of 15?
False
Does 126 divide 14047?
False
Does 29 divide 201?
False
Is 15257 a multiple of 209?
True
Does 13 divide 15145?
True
Does 27 divide 3456?
True
Does 6 divide 22442?
False
Is 16 a factor of 560?
True
Does 61 divide 1750?
False
Is 28 a factor of 280?
True
Does 3 divide 10956?
True
Is 17 a factor of 2074?
True
Does 36 divide 35424?
True
Does 12 divide 1128?
True
Is 88 a factor of 1859?
False
Is 4233 even?
False
Is 7 a factor of 210?
True
Does 28 divide 3724?
True
Is 9 a factor of 117?
True
Is 107 a factor of 21943?
False
Is 1179 a multiple of 8?
False
Does 16 divide 64?
True
Is 42 a factor of 6300?
True
Is 106 a factor of 1590?
True
Does 4 divide 7568?
True
Is 11 a factor of 7789?
False
Is 26312 a multiple of 8?
True
Is 785 a multiple of 10?
False
Is 1560 a multiple of 76?
False
Is 16 a factor of 880?
True
Is 11816 a multiple of 19?
False
Does 28 divide 714?
False
Is 11 a factor of 64?
False
Is 83 a factor of 1032?
False
Does 18 divide 5436?
True
Is 936 a multiple of 9?
True
Does 8 divide 3435?
False
Is 114 a factor of 30739?
False
Is 7 a factor of 10465?
True
Is 726 a multiple of 22?
True
Is 65 a factor of 100502?
False
Is 2727 a multiple of 6?
False
Is 28 a factor of 6216?
True
Does 24 divide 6457?
False
Is 92 a multiple of 5?
False
Is 86400 a multiple of 120?
True
Does 47 divide 799?
True
Does 16 divide 5056?
True
Is 460 a multiple of 10?
True
Does 25 divide 475?
True
Does 69 divide 6279?
True
Is 2 a factor of 211?
False
Is 7 a factor of 53?
False
Is 35 a factor of 873?
False
Does 43 divide 1917?
False
Does 89 divide 25632?
True
Is 18 a factor of 396?
True
Is 232 a multiple of 7?
False
Is 103 a factor of 70761?
True
Is 12045 a multiple of 19?
False
Does 45 divide 405?
True
Is 154 a factor of 2543?
False
Is 10 a factor of 3839?
False
Does 126 divide 6424?
False
Is 61 a factor of 2806?
True
Is 5400 a multiple of 5?
True
Is 1035 a multiple of 13?
False
Does 45 divide 480?
False
Is 7152 a multiple of 24?
True
Is 1160 a multiple of 10?
True
Does 6 divide 649?
False
Is 4033 a multiple of 95?
False
Does 28 divide 23324?
True
Does 53 divide 1325?
True
Is 1037 a multiple of 10?
False
Is 1495 a multiple of 23?
True
Is 9 a factor of 2270?
False
Does 182 divide 297?
False
Is 6573 a multiple of 21?
True
Is 11 a factor of 3155?
False
Does 7 divide 1547?
True
Does 21 divide 9010?
False
Does 15 divide 80175?
True
Does 22 divide 18326?
True
Is 1910 a multiple of 7?
False
Is 13810 a multiple of 10?
True
Is 2070 a multiple of 18?
True
Is 9 a factor of 342?
True
Is 104 a multiple of 58?
False
Is 4501 a multiple of 73?
False
Is 1875 a multiple of 75?
True
Is 48 a factor of 465?
False
Is 788 a multiple of 5?
False
Is 54918 a multiple of 115?
False
Is 13 a factor of 10854?
False
Is 4 a factor of 53?
False
Does 18 divide 34?
False
Is 36 a factor of 9144?
True
Does 17 divide 376?
False
Is 9768 a multiple of 88?
True
Does 17 divide 102?
True
Is 1119 a multiple of 40?
False
Is 19 a factor of 7999?
True
Is 40 a factor of 4000?
True
Is 12 a factor of 1787?
False
Is 450 a multiple of 9?
True
Does 8 divide 563?
False
Is 131 a multiple of 4?
False
Does 17 divide 3247?
True
Is 15174 a multiple of 54?
True
Does 19 divide 342?
True
Is 33 a factor of 3630?
True
Is 175 a multiple of 31?
False
Is 7495 a multiple of 95?
False
Is 22138 a multiple of 175?
False
Does 82 divide 514?
False
Is 7519 a multiple of 39?
False
Is 14 a factor of 52364?
False
Is 50 a factor of 650?
True
Is 91800 a multiple of 27?
True
Does 4 divide 1557?
False
Is 77 a factor of 2935?
False
Is 35 a factor of 560?
True
Does 25 divide 11794?
False
Is 612 a multiple of 51?
True
Does 17 divide 1656?
False
Is 8910 even?
True
Is 3042 a multiple of 234?
True
Does 20 divide 2555?
False
Does 45 divide 3960?
True
Does 9 divide 701?
False
Is 14911 a multiple of 9?
False
Is 1804 a multiple of 5?
False
Is 24330 a multiple of 6?
True
Is 6390 a multiple of 213?
True
Does 21 divide 945?
True
Is 31 a factor of 1953?
True
Is 3204 a multiple of 48?
False
Does 16 divide 5072?
True
Is 9 a factor of 1467?
True
Is 27 a factor of 92804?
False
Does 5 divide 1442?
False
Is 5 a factor of 1794?
False
Is 15 a factor of 129240?
True
Is 37 a factor of 12580?
True
Is 59 a factor of 649?
True
Is 1026 a multiple of 18?
True
Does 25 divide 125?
True
Is 116 a factor of 2511?
False
Is 31 a factor of 47176?
False
Is 3 a factor of 255?
True
Does 50 divide 22282?
False
Is 22944 a multiple of 96?
True
Is 13986 a multiple of 63?
True
Is 41 a factor of 44936?
True
Is 17 a factor of 13192?
True
Is 32 a factor of 640?
True
Does 3 divide 10?
False
Is 163 a factor of 5705?
True
Is 4678 a multiple of 9?
False
Is 83 a factor of 52954?
True
Is 2333 a multiple of 3?
False
Does 33 divide 591?
False
Does 13 divide 5405?
False
Is 13 a factor of 12662?
True
Is 9 a factor of 18?
True
Does 15 divide 5968?
False
Is 26973 a multiple of 50?
False
Does 10 divide 353?
False
Is 57 a factor of 2850?
True
Is 593 a multiple of 11?
False
Does 141 divide 15680?
False
Is 13857 a multiple of 17?
False
Does 28 divide 196?
True
Is 99 a factor of 1585?
False
Is 200 a factor of 11000?
True
Does 63 divide 10873?
False
Does 23 divide 14426?
False
Does 23 divide 20092?
False
Is 59 a factor of 34245?
False
Is 8 a factor of 5784?
True
Does 18 divide 360?
True
Is 111 a factor of 3885?
True
Does 114 divide 4835?
False
Is 67680 a multiple of 96?
True
Does 34 divide 272?
True
Is 3555 a multiple of 9?
True
Is 172 a multiple of 25?
False
Does 11 divide 37171?
False
Does 97 divide 388?
True
Is 26 a factor of 2236?
True
Does 13 divide 1349?
False
Is 24 a factor of 1610?
False
Does 9 divide 1206?
True
Is 40 a factor of 80?
True
Does 50 divide 150?
True
Does 51 divide 2832?
False
Is 22 a factor of 51084?
True
Is 11 a factor of 12826?
True
Is 25 a factor of 5776?
False
Is 10747 a multiple of 16?
False
Does 14 divide 21162?
False
Is 934 a multiple of 4?
False
Is 7 a factor of 1596?
True
Is 3579 a multiple of 65?
False
Does 9 divide 11556?
True
Is 12978 a multiple of 3?
True
Is 6 a factor of 2628?
True
Is 10 a factor of 770?
True
Is 25 a factor of 2511?
False
Is 18727 a multiple of 9?
False
Does 8 divide 986?
False
Is 2 a factor of 20434?
True
Is 305 a factor of 20232?
False
Is 91 a factor of 5539?
False
Is 5316 a multiple of 20?
False
Is 37 a factor of 555?
True
Is 3798 a multiple of 44?
False
Is 2048 a multiple of 13?
False
Is 2016 a multiple of 2?
True
Does 14 divide 840?
True
Is 453 a multiple of 24?
False
Does 3 divide 1021?
False
Does 22 divide 35251?
False
Is 15 a factor of 22575?
True
Does 9 divide 8496?
True
Is 206 a factor of 13655?
False
Does 7 divide 25277?
True
Is 21 a factor of 693?
True
Is 20 a factor of 675?
False
Does 2 divide 136?
True
Does 33 divide 1947?
True
Is 2121 a multiple of 11?
False
Does 5 divide 75?
True
Is 134436 a multiple of 51?
True
Does 39 divide 5722?
False
Is 10416 a multiple of 186?
True
Is 12 a factor of 555?
False
Does 27 divide 10633?
False
Is 4088 a multiple of 146?
True
Is 2155 a multiple of 17?
False
Is 712 a multiple of 46?
False
Is 48 a factor of 6673?
False
Is 42 a factor of 2058?
True
Does 73 divide 803?
True
Is 43 a factor of 69359?
True
Is 64 a factor of 38208?
True
Is 280 a factor of 74307?
False
Does 16 divide 438?
False
Is 19 a factor of 82916?
True
Is 6963 a multiple of 35?
False
Is 4433 a multiple of 13?
True
Is 49 a factor of 3875?
False
Is 6057 a multiple of 3?
True
Is 89 a factor of 1534?
False
Is 55 a factor of 3080?
True
Does 26 divide 3294?
False
Does 4 divide 56?
True
Is 822 a multiple of 15?
False
Does 134 divide 7236?
True
Does 15 divide 1234?
False
Does 11 divide 89015?
False
Does 22 divide 643?
False
Is 2295 a multiple of 11?
False
Is 11 a factor of 363?
True
Does 16 divide 525?
False
Is 86 a multiple of 12?
False
Does 27 divide 8570?
False
Is 117 a factor of 1882?
False
Is 14 a factor of 12109?
False
Is 372 a multiple of 12?
True
Does 35 